{"id":404,"date":"2024-04-16T11:01:34","date_gmt":"2024-04-16T09:01:34","guid":{"rendered":"https:\/\/eudan.eus\/?page_id=404"},"modified":"2024-10-08T10:16:40","modified_gmt":"2024-10-08T08:16:40","slug":"politica-de-privacidad","status":"publish","type":"page","link":"https:\/\/eudan.eus\/cat\/politica-de-privacidad\/","title":{"rendered":"Pol\u00edtica de Privadesa"},"content":{"rendered":"<p>[et_pb_section fb_built=\u00bb1&#8243; _builder_version=\u00bb4.24.3&#8243; _module_preset=\u00bbdefault\u00bb custom_padding=\u00bb||150px|||\u00bb global_colors_info=\u00bb{}\u00bb][et_pb_row column_structure=\u00bb3_4,1_4&#8243; _builder_version=\u00bb4.24.3&#8243; _module_preset=\u00bbdefault\u00bb global_colors_info=\u00bb{}\u00bb][et_pb_column type=\u00bb3_4&#8243; _builder_version=\u00bb4.24.3&#8243; _module_preset=\u00bbdefault\u00bb global_colors_info=\u00bb{}\u00bb][et_pb_text _builder_version=\u00bb4.24.3&#8243; _module_preset=\u00bbdefault\u00bb global_colors_info=\u00bb{}\u00bb]<\/p>\n<h1>Pol\u00edtica de Privadesa<\/h1>\n<p>[\/et_pb_text][et_pb_text _builder_version=\u00bb4.25.2&#8243; _module_preset=\u00bbdefault\u00bb text_font=\u00bb|300|||||||\u00bb hover_enabled=\u00bb0&#8243; global_colors_info=\u00bb{}\u00bb sticky_enabled=\u00bb0&#8243;]<\/p>\n<p>La present pol\u00edtica de privacitat t\u00e9 per objecte informar els usuaris del web eudan.eus (en endavant, el \u00abweb\u00bb) de l'empresa EUDAN Koop. Elk. Txikia (en endavant, \u00abEUDAN\u00bb), sobre el tractament de les dades personals que es recullen a trav\u00e9s de la mateixa.<\/p>\n<p><strong>Dades del responsable del tractament:<\/strong><\/p>\n<ul>\n<li>Nom: EUDAN Koop. Elk. Txikia<\/li>\n<li>CIF: F10924108<\/li>\n<li>Correo electr\u00f3nico: info @ eudan.eus<\/li>\n<\/ul>\n<p><strong>\u00a0<\/strong><\/p>\n<p><strong>Quines dades personals es recullen i amb quina finalitat?<\/strong><\/p>\n<p>EUDAN recull dades dels usuaris del web amb la finalitat de donar a con\u00e8ixer els serveis de l'empresa i facilitar un mitj\u00e0 de contacte a potencials clients. Per a aix\u00f2, es poden recollir les seg\u00fcents dades:<\/p>\n<ul>\n<li>Dades personals que els usuaris proporcionen a trav\u00e9s del formulari de contacte, com ara nom, correu electr\u00f2nic i missatge.<\/li>\n<\/ul>\n<p><strong>\u00a0<\/strong><\/p>\n<p><strong>Com es tracten les dades personals?<\/strong><\/p>\n<p>Les dades personals recollides a trav\u00e9s del web es tractaran de manera confidencial i s'utilitzaran exclusivament per a les finalitats indicades en l'apartat anterior. No es compartiran dades de potencials clients amb tercers, excepte obligaci\u00f3 legal.<\/p>\n<p>En el cas de les dades de tr\u00e0nsit web, s'explotaran \u00fanicament per millorar els propis productes d'EUDAN i mai es cediran a tercers. En el cas de les dades personals recollides en el formulari de contacte, s'utilitzaran exclusivament per posar-nos en contacte amb els potencials clients.<\/p>\n<p><strong>\u00a0<\/strong><\/p>\n<p><strong>Durant quant de temps es conserven les dades personals?<\/strong><\/p>\n<p>Les dades personals recollides a trav\u00e9s del web es conservaran durant el temps necessari per complir amb les finalitats per a les quals es van recollir. Un cop complertes aquestes finalitats, es procedir\u00e0 a la supressi\u00f3 de les dades.<\/p>\n<p><strong>\u00a0<\/strong><\/p>\n<p><strong>Com es protegeixen les dades personals?<\/strong><\/p>\n<p>EUDAN ha adoptat les mesures de seguretat necess\u00e0ries per garantir la confidencialitat i integritat de les dades personals recollides a trav\u00e9s del web, evitant la seva alteraci\u00f3, p\u00e8rdua, tractament o acc\u00e9s no autoritzat.<\/p>\n<p><strong>\u00a0<\/strong><\/p>\n<p><strong>Quins s\u00f3n els drets dels usuaris respecte a les seves dades personals?<\/strong><\/p>\n<p>Els usuaris del web tenen dret a sol\u00b7licitar l'acc\u00e9s a les seves dades personals, la seva rectificaci\u00f3 o supressi\u00f3, la limitaci\u00f3 del seu tractament, a oposar-se al tractament i a la portabilitat dels mateixos, en els termes previstos per la normativa de protecci\u00f3 de dades.<\/p>\n<p>Per exercir aquests drets, l'usuari pot enviar un correu electr\u00f2nic a l'adre\u00e7a indicada a l'apartat \u00abContacte\u00bb.<\/p>\n<p><strong>Jurisdicci\u00f3 i llei aplicable:<\/strong><\/p>\n<p>La present pol\u00edtica de privacitat es regeix per la legislaci\u00f3 espanyola. Per a qualsevol controv\u00e8rsia que pugui derivar-se de l'acc\u00e9s o \u00fas del web, les parts acorden sotmetre's als jutjats i tribunals de Vit\u00f2ria-Gasteiz, renunciant a qualsevol altre fur que els pogu\u00e9s correspondre.<\/p>\n<p><strong>\u00daltima actualitzaci\u00f3:<\/strong><\/p>\n<p>La present pol\u00edtica de privacitat ha estat actualitzada per \u00faltima vegada el 19-04-2025.<\/p>\n<p>&nbsp;<\/p>\n<p>[\/et_pb_text][\/et_pb_column][et_pb_column type=\u00bb1_4&#8243; _builder_version=\u00bb4.24.3&#8243; _module_preset=\u00bbdefault\u00bb global_colors_info=\u00bb{}\u00bb][\/et_pb_column][\/et_pb_row][\/et_pb_section]<\/p>","protected":false},"excerpt":{"rendered":"<p>Pol\u00edtica de PrivacidadLa presente pol\u00edtica de privacidad tiene por objeto informar a los usuarios de la web eudan.eus (en adelante, la \u00abweb\u00bb) de la empresa EUDAN Koop. Elk. Txikia (en adelante, \u00abEUDAN\u00bb), acerca del tratamiento de los datos personales que se recopilan a trav\u00e9s de la misma. Datos del responsable del tratamiento: Nombre: EUDAN Koop. [&hellip;]<\/p>","protected":false},"author":2,"featured_media":0,"parent":0,"menu_order":0,"comment_status":"closed","ping_status":"closed","template":"","meta":{"_et_pb_use_builder":"on","_et_pb_old_content":"","_et_gb_content_width":"","footnotes":""},"class_list":["post-404","page","type-page","status-publish","hentry"],"yoast_head":"<!-- This site is optimized with the Yoast SEO plugin v24.2 - https:\/\/yoast.com\/wordpress\/plugins\/seo\/ -->\n<title>Pol\u00edtica de Privacidad | Eudan<\/title>\n<meta name=\"description\" content=\"Descubre c\u00f3mo en Eudan, como empresa de an\u00e1lisis de datos, protegemos tu informaci\u00f3n personal. Inf\u00f3rmate sobre nuestra Pol\u00edtica de Privacidad aqu\u00ed.\" \/>\n<meta name=\"robots\" content=\"noindex, nofollow\" \/>\n<meta property=\"og:locale\" content=\"ca_ES\" \/>\n<meta property=\"og:type\" content=\"article\" \/>\n<meta property=\"og:title\" content=\"Pol\u00edtica de Privacidad | Eudan\" \/>\n<meta property=\"og:description\" content=\"Descubre c\u00f3mo en Eudan, como empresa de an\u00e1lisis de datos, protegemos tu informaci\u00f3n personal. Inf\u00f3rmate sobre nuestra Pol\u00edtica de Privacidad aqu\u00ed.\" \/>\n<meta property=\"og:url\" content=\"https:\/\/eudan.eus\/cat\/politica-de-privacidad\/\" \/>\n<meta property=\"og:site_name\" content=\"Empresa An\u00e1lisis de Datos | Eudan\" \/>\n<meta property=\"article:modified_time\" content=\"2024-10-08T08:16:40+00:00\" \/>\n<meta name=\"twitter:card\" content=\"summary_large_image\" \/>\n<meta name=\"twitter:title\" content=\"Pol\u00edtica de Privacidad | Eudan\" \/>\n<meta name=\"twitter:description\" content=\"Descubre c\u00f3mo en Eudan, como empresa de an\u00e1lisis de datos, protegemos tu informaci\u00f3n personal. Inf\u00f3rmate sobre nuestra Pol\u00edtica de Privacidad aqu\u00ed.\" \/>\n<meta name=\"twitter:label1\" content=\"Temps estimat de lectura\" \/>\n\t<meta name=\"twitter:data1\" content=\"3 minuts\" \/>\n<script type=\"application\/ld+json\" class=\"yoast-schema-graph\">{\"@context\":\"https:\/\/schema.org\",\"@graph\":[{\"@type\":\"WebPage\",\"@id\":\"https:\/\/eudan.eus\/politica-de-privacidad\/\",\"url\":\"https:\/\/eudan.eus\/politica-de-privacidad\/\",\"name\":\"Pol\u00edtica de Privacidad | Eudan\",\"isPartOf\":{\"@id\":\"https:\/\/eudan.eus\/#website\"},\"datePublished\":\"2024-04-16T09:01:34+00:00\",\"dateModified\":\"2024-10-08T08:16:40+00:00\",\"description\":\"Descubre c\u00f3mo en Eudan, como empresa de an\u00e1lisis de datos, protegemos tu informaci\u00f3n personal. Inf\u00f3rmate sobre nuestra Pol\u00edtica de Privacidad aqu\u00ed.\",\"breadcrumb\":{\"@id\":\"https:\/\/eudan.eus\/politica-de-privacidad\/#breadcrumb\"},\"inLanguage\":\"ca\",\"potentialAction\":[{\"@type\":\"ReadAction\",\"target\":[\"https:\/\/eudan.eus\/politica-de-privacidad\/\"]}]},{\"@type\":\"BreadcrumbList\",\"@id\":\"https:\/\/eudan.eus\/politica-de-privacidad\/#breadcrumb\",\"itemListElement\":[{\"@type\":\"ListItem\",\"position\":1,\"name\":\"Home\",\"item\":\"https:\/\/eudan.eus\/\"},{\"@type\":\"ListItem\",\"position\":2,\"name\":\"Pol\u00edtica de Privacidad\"}]},{\"@type\":\"WebSite\",\"@id\":\"https:\/\/eudan.eus\/#website\",\"url\":\"https:\/\/eudan.eus\/\",\"name\":\"Empresa An\u00e1lisis de Datos | Eudan\",\"description\":\"Las empresas que toman mejores decisiones y aprovechan m\u00e1s oportunidades: c\u00f3mo lo hacen. Desc\u00fabrelo aqu\u00ed. Somos una Empresa especializada en An\u00e1lisis de Datos\",\"publisher\":{\"@id\":\"https:\/\/eudan.eus\/#organization\"},\"potentialAction\":[{\"@type\":\"SearchAction\",\"target\":{\"@type\":\"EntryPoint\",\"urlTemplate\":\"https:\/\/eudan.eus\/?s={search_term_string}\"},\"query-input\":{\"@type\":\"PropertyValueSpecification\",\"valueRequired\":true,\"valueName\":\"search_term_string\"}}],\"inLanguage\":\"ca\"},{\"@type\":\"Organization\",\"@id\":\"https:\/\/eudan.eus\/#organization\",\"name\":\"Empresa An\u00e1lisis de Datos | Eudan\",\"url\":\"https:\/\/eudan.eus\/\",\"logo\":{\"@type\":\"ImageObject\",\"inLanguage\":\"ca\",\"@id\":\"https:\/\/eudan.eus\/#\/schema\/logo\/image\/\",\"url\":\"https:\/\/eudan.eus\/wp-content\/uploads\/2024\/04\/eudan-horizontal-tagline-baja-.png\",\"contentUrl\":\"https:\/\/eudan.eus\/wp-content\/uploads\/2024\/04\/eudan-horizontal-tagline-baja-.png\",\"width\":1366,\"height\":768,\"caption\":\"Empresa An\u00e1lisis de Datos | Eudan\"},\"image\":{\"@id\":\"https:\/\/eudan.eus\/#\/schema\/logo\/image\/\"}}]}<\/script>\n<!-- \/ Yoast SEO plugin. -->","yoast_head_json":{"title":"Pol\u00edtica de Privacidad | Eudan","description":"Descubre c\u00f3mo en Eudan, como empresa de an\u00e1lisis de datos, protegemos tu informaci\u00f3n personal. Inf\u00f3rmate sobre nuestra Pol\u00edtica de Privacidad aqu\u00ed.","robots":{"index":"noindex","follow":"nofollow"},"og_locale":"ca_ES","og_type":"article","og_title":"Pol\u00edtica de Privacidad | Eudan","og_description":"Descubre c\u00f3mo en Eudan, como empresa de an\u00e1lisis de datos, protegemos tu informaci\u00f3n personal. Inf\u00f3rmate sobre nuestra Pol\u00edtica de Privacidad aqu\u00ed.","og_url":"https:\/\/eudan.eus\/cat\/politica-de-privacidad\/","og_site_name":"Empresa An\u00e1lisis de Datos | Eudan","article_modified_time":"2024-10-08T08:16:40+00:00","twitter_card":"summary_large_image","twitter_title":"Pol\u00edtica de Privacidad | Eudan","twitter_description":"Descubre c\u00f3mo en Eudan, como empresa de an\u00e1lisis de datos, protegemos tu informaci\u00f3n personal. Inf\u00f3rmate sobre nuestra Pol\u00edtica de Privacidad aqu\u00ed.","twitter_misc":{"Temps estimat de lectura":"3 minuts"},"schema":{"@context":"https:\/\/schema.org","@graph":[{"@type":"WebPage","@id":"https:\/\/eudan.eus\/politica-de-privacidad\/","url":"https:\/\/eudan.eus\/politica-de-privacidad\/","name":"Pol\u00edtica de Privacidad | Eudan","isPartOf":{"@id":"https:\/\/eudan.eus\/#website"},"datePublished":"2024-04-16T09:01:34+00:00","dateModified":"2024-10-08T08:16:40+00:00","description":"Descubre c\u00f3mo en Eudan, como empresa de an\u00e1lisis de datos, protegemos tu informaci\u00f3n personal. Inf\u00f3rmate sobre nuestra Pol\u00edtica de Privacidad aqu\u00ed.","breadcrumb":{"@id":"https:\/\/eudan.eus\/politica-de-privacidad\/#breadcrumb"},"inLanguage":"ca","potentialAction":[{"@type":"ReadAction","target":["https:\/\/eudan.eus\/politica-de-privacidad\/"]}]},{"@type":"BreadcrumbList","@id":"https:\/\/eudan.eus\/politica-de-privacidad\/#breadcrumb","itemListElement":[{"@type":"ListItem","position":1,"name":"Home","item":"https:\/\/eudan.eus\/"},{"@type":"ListItem","position":2,"name":"Pol\u00edtica de Privacidad"}]},{"@type":"WebSite","@id":"https:\/\/eudan.eus\/#website","url":"https:\/\/eudan.eus\/","name":"Empresa An\u00e1lisis de Datos | Eudan","description":"Las empresas que toman mejores decisiones y aprovechan m\u00e1s oportunidades: c\u00f3mo lo hacen. Desc\u00fabrelo aqu\u00ed. Somos una Empresa especializada en An\u00e1lisis de Datos","publisher":{"@id":"https:\/\/eudan.eus\/#organization"},"potentialAction":[{"@type":"SearchAction","target":{"@type":"EntryPoint","urlTemplate":"https:\/\/eudan.eus\/?s={search_term_string}"},"query-input":{"@type":"PropertyValueSpecification","valueRequired":true,"valueName":"search_term_string"}}],"inLanguage":"ca"},{"@type":"Organization","@id":"https:\/\/eudan.eus\/#organization","name":"Empresa An\u00e1lisis de Datos | Eudan","url":"https:\/\/eudan.eus\/","logo":{"@type":"ImageObject","inLanguage":"ca","@id":"https:\/\/eudan.eus\/#\/schema\/logo\/image\/","url":"https:\/\/eudan.eus\/wp-content\/uploads\/2024\/04\/eudan-horizontal-tagline-baja-.png","contentUrl":"https:\/\/eudan.eus\/wp-content\/uploads\/2024\/04\/eudan-horizontal-tagline-baja-.png","width":1366,"height":768,"caption":"Empresa An\u00e1lisis de Datos | Eudan"},"image":{"@id":"https:\/\/eudan.eus\/#\/schema\/logo\/image\/"}}]}},"_links":{"self":[{"href":"https:\/\/eudan.eus\/cat\/wp-json\/wp\/v2\/pages\/404","targetHints":{"allow":["GET"]}}],"collection":[{"href":"https:\/\/eudan.eus\/cat\/wp-json\/wp\/v2\/pages"}],"about":[{"href":"https:\/\/eudan.eus\/cat\/wp-json\/wp\/v2\/types\/page"}],"author":[{"embeddable":true,"href":"https:\/\/eudan.eus\/cat\/wp-json\/wp\/v2\/users\/2"}],"replies":[{"embeddable":true,"href":"https:\/\/eudan.eus\/cat\/wp-json\/wp\/v2\/comments?post=404"}],"version-history":[{"count":6,"href":"https:\/\/eudan.eus\/cat\/wp-json\/wp\/v2\/pages\/404\/revisions"}],"predecessor-version":[{"id":640,"href":"https:\/\/eudan.eus\/cat\/wp-json\/wp\/v2\/pages\/404\/revisions\/640"}],"wp:attachment":[{"href":"https:\/\/eudan.eus\/cat\/wp-json\/wp\/v2\/media?parent=404"}],"curies":[{"name":"wp","href":"https:\/\/api.w.org\/{rel}","templated":true}]}}